 -x*c - 8 = -c. Let q be ((-3)/(-9))/(c/(-18)). Let z(t) = 2*t**3 - 5*t**2 + 4*t - 4. Calculate z(q).
17
Let d(t) = 2*t - 5. Let m(g) = g**2 + 16*g + 29. Let f be m(-14). Let h(k) be the first derivative of 5*k**2/2 + 2*k + 2. Let p be h(f). Determine d(p).
9
Let v(a) = -a**2 - 4*a - 15. Let g = -2186 + 2184. Give v(g).
-11
Let f(g) = -13*g + 110. Let u be f(15). Let s = 83 + u. Let b(w) = -2*w**3 - 4*w**2 - w - 2. What is b(s)?
0
Let w(r) be the third derivative of -r**4/24 + r**3/2 - 2*r**2. Let l be 48488/2871 + 16/(-18). Give w(l).
-13
Let o(i) = 21*i + 3 - 39*i - 1 + 20*i - i**2. Suppose j = 6*j - 20. Let m = j + -1. Determine o(m).
-1
Let c(h) = 8 - 9*h + h**2 - 8 - 12. Let u be ((-2)/10 - -2)/(1210/50 + -24). Calculate c(u).
-12
Let s be 13 - (-16 + 11)*(-5 - 0). Let c(g) be the second derivative of g**3/6 + 15*g**2/2 - g. Determine c(s).
3
Let g = 419 + -295. Suppose 0 = -2*s - 2*s - 4*f + 80, -3*f - g = -5*s. Suppose 0 = -2*w - 27 + s. Let j(n) = -2*n**3 - 2*n**2 - n + 1. Determine j(w).
11
Let n(g) be the first derivative of 17*g**3/3 - g**2 + 2*g - 3704. What is n(1)?
17
Let s(r) = 2*r**2 - 3*r - 1. Let o(t) = 3*t**2 - 4*t - 2. Let q(b) = 3*o(b) - 4*s(b). Let i be q(2). Let v(h) = -2*h**i - 492*h + 492*h. Give v(2).
-8
Let r(v) = -281*v + 144*v - 3 + 141*v. Let y(n) = -n**3 - 3*n**2 + 7*n + 8. Let q = 40 + -44. Let h be y(q). Give r(h).
-19
Let m(u) = u**2 + 5*u - 22. Let q be (2/(-1))/(54/189). Determine m(q).
-8
Let o(t) = t**2 + 55*t + 153. Let d = -35694 - -35691. Calculate o(d).
-3
Let r(a) = -a**2 - 13*a - 3. Suppose -5*c + 631 = -4*d, 2*c + 3*c - 795 = 5*d. Let q = d + 151. What is r(q)?
-3
Let q(i) = -2*i**2 + i + 1. Let y be ((-3)/((-9)/(-3)))/(-1 - -2). Let d(x) = 1 - x - 16*x**2 + 0 + 0 + 15*x**2. Let v(n) = y*q(n) - d(n). What is v(2)?
10
Let z = -3113 + 3110. Let c(v) = -5*v**2 - 8*v + 1. Give c(z).
-20
Let v(c) be the second derivative of -c**5/20 + 5*c**4/12 - 44*c - 19. Suppose 2*p = -2*z + 13 - 5, 0 = -5*p. What is v(z)?
16
Let d(q) = -q**2 - 2*q - 5. Let w(b) = -3*b**2 - 29*b - 35. Let f be w(-8). Determine d(f).
-40
Suppose t = 4*m - 11, 5*t - 10*m + 33 = -12*m. Let v(q) = 8*q - 10. What is v(t)?
-66
Suppose -2*g + 6 = 4*r, 0 = 4*g + r + r - 12. Let t(p) = -p - 10. Let d(m) = m + 4. Let f(s) = 6*d(s) + 3*t(s). Determine f(g).
3
Let f(o) = -2*o**3 - 8*o**2 - 7*o - 8. Let b be f(-3). Let m(g) be the first derivative of g**4/4 + g**3 - 7*g**2/2 - 2*g - 88. What is m(b)?
-17
Let q(a) be the third derivative of a**4/6 + 37*a**3/2 + 505*a**2 + 6. Determine q(-27).
3
Let y(a) = -a**2 - 15*a - 19. Let h(w) = -w - 19*w**2 - 5 + 20*w**2 + 0*w**3 + 2*w**3 - w. Let c be h(-2). Determine y(c).
7
Let g be 1*(18/27 - 16/(-3)). Suppose 3 = -3*y - 3*u, u = -4*y + g*u + 41. Let w(o) = -4*o - 3 - 3 + 7*o + 1. Determine w(y).
7
Let v be ((-2)/3)/(2/(-6)). Suppose -v*d = 2*d - 4. Let g(y) = -4*y + 117. Let a(f) = 10*f - 322. Let j(t) = -4*a(t) - 11*g(t). What is j(d)?
5
Let x = -4653 + 4661. Let a(i) = 6*i**3 - 13*i**2 + 3*i - 1. Let s(g) = 5*g**3 - 12*g**2 + 2*g - 1. Let n(d) = -4*a(d) + 5*s(d). Give n(x).
-17
Let k = -1277 - -1283. Let b(d) = 18*d + d**2 + 10*d - 10 - 32*d. What is b(k)?
2
Let i(n) = 13 + 5*n**2 + 22*n**3 - 9*n - 7 - 23*n**3. Calculate i(4).
-14
Let o(x) be the second derivative of x**4/12 + 31*x**3/6 + 56*x**2 - 1228*x. What is o(-27)?
4
Let a = -27 - -34. Suppose -9*n = a - 34. Let j(f) = -f - 1. Let y(b) = -b**2 - 2*b - 4. Let w(u) = 3*j(u) - y(u). Determine w(n).
7
Let i = -123 + 126. Let p(l) = 3*l + i*l**2 + 3*l - l**2 - 3*l**2. Let a = 5 - 0. Calculate p(a).
5
Suppose x = 3*j - 453 + 449, 4*x - 89 = -3*j. Let d(f) = -f**2 + 15*f - 10. Determine d(x).
-44
Let r = 212 - 208. Suppose -2*m + 16 = u + u, -r*m + 4*u + 32 = 0. Let h(a) = a**3 - 8*a**2 - a + 9. Give h(m).
1
Let p(s) = -s**2 - s - 1. Let a(b) = -4*b + 57. Let w be a(14). Let i(h) = -h**3 + 6*h**2 - 5*h - 4. Let x(g) = w*i(g) - 5*p(g). Determine x(11).
1
Let h(p) = -2*p**3 - p**2 - 1. Suppose -704*r - 72 = -740*r. Calculate h(r).
-21
Suppose -x = 3*i - 17 + 2, 3*x - i = -5. Let j(v) = -229*v**3 - 3 + 2*v + x*v - v**2 + 228*v**3. Suppose 5*o - 3 = d, -3*d - 5*o + 1 - 10 = 0. What is j(d)?
9
Let j(d) = -2516*d + 3 + 28 + 2522*d. Let r be j(-5). Let a(y) = -2*y**2 + 3*y - 2. Give a(r).
-1
Let k(j) be the third derivative of j**5/60 + 13*j**4/24 + 5*j**3/3 - j**2 - 9*j. Calculate k(-8).
-30
Let n(x) = 13*x**3 - x**2. Let p(d) = d**3 + 16*d**2 + 31*d + 47. Let a be p(-14). Suppose -a*r - 4*q = -2*q - 3, -4*r = -2*q - 6. Calculate n(r).
12
Let i(r) be the first derivative of r**2 - 19*r + 2095. What is i(5)?
-9
Let a be 0*(-3 + (-26)/(-8)). Let c(u) = -u**2 - 2*u + 16. Let y(x) = -4*x**2 - 9*x + 69. Let n(k) = 9*c(k) - 2*y(k). Give n(a).
6
Let l(k) be the second derivative of k**6/360 - k**5/24 + k**4/8 - k**3/6 + 173*k**2/2 - 164*k. Let q(m) be the second derivative of l(m). Determine q(3).
-3
Let y(t) = 123*t**2 + 7*t - 44. Let i(h) = -67*h**2 - 4*h + 22. Let o(z) = -11*i(z) - 6*y(z). Calculate o(0).
22
Let z(l) = -l**3 - 2*l**2. Suppose 12*o + 7 = 31. Suppose r + k + 3 = o, 0 = -3*r - 4*k - 2. Give z(r).
0
Let p(b) = 1214*b**2 - 3 + 1219*b**2 - 2432*b**2 + 15*b - 7. Give p(-11).
-54
Let b(j) = -j**2 + 8*j - 7. Let l be 2 - (-28*1 - 3). Suppose 30*h = l*h - 72. Suppose -h*i = -30*i + 42. What is b(i)?
0
Suppose 5*j = z + 4 + 4, -3*j = -5*z + 4. Let d(l) = 19*l + 16*l - 1 - 1 + 23*l - 53*l. Determine d(z).
8
Let j = -7289 - -7269. Let m(r) = r + 14. Calculate m(j).
-6
Let t(v) = v**3 - 20*v**2 + 2*v - 43. Suppose 64*j - 3035 = -1755. What is t(j)?
-3
Suppose 0 = -q + 2*v + 10, 2*v - 1 = -q - 3. Let m(y) = 4*y**3 + 2*y - 4. Let t(i) = i**3 + i**2 + i. Let b(x) = m(x) - 3*t(x). What is b(q)?
8
Suppose y = 3*w + 8, w - 2*y - 2*y - 12 = 0. Let d(t) = -2*t**2 + 7*t + 5. Let p(j) = -5 - 12 + 7 - 13*j + 3*j**2. Let m(x) = -5*d(x) - 3*p(x). What is m(w)?
5
Let d(s) = -9*s - 5. Suppose -44*j + 43*j = 0. Let u be 6 + (1 + j)*-11. Give d(u).
40
Let l(d) = d**2 + 6*d + 5. Let j be l(4). Let o = j - 42. Let a(m) = -6*m + o + 6*m - m. What is a(0)?
3
Let p(t) = 8*t**3 + 2*t**2 - 1. Let q = -2 + -4. Let u be (-918)/119 + (-1)/((-14)/(-4)). Let z be 11/33 - u/q. What is p(z)?
-7
Let b(f) = f**3 + f**2 + f - 15. Let k(r) = -12 - 97 - 149 + 5 - 14*r + 1. Let m be k(-18). Give b(m).
-15
Let w(s) be the first derivative of -s**4/4 - s**3 + 3*s**2/2 + s + 422. Suppose 0*c + 3 = 3*c. Let g be (-2)/c*(-9)/(-6). What is w(g)?
-8
Let j(u) = 3*u + 18. Let i = -11013 - -11022. Calculate j(i).
45
Let j(t) = 29*t - 199. Let w(h) = -7*h + 52. Let q(m) = 6*j(m) + 23*w(m). What is q(1)?
15
Suppose 4*k - 5*p + 2 = 5, 2*p = k. Let u(f) = -f - 12*f**2 - f**k - 9 + 2 - 19 + 14*f**2. What is u(6)?
4
Let i(p) = -19*p**3 - 42*p**2 - 37*p + 98. Let x(k) = -12*k**3 - 28*k**2 - 24*k + 65. Let h(u) = -5*i(u) + 8*x(u). Calculate h(-13).
-48
Suppose 38*q - 248 = 34*q. Let l = q - 55. Let p(g) = g**2 - 5*g - 22. What is p(l)?
-8
Let i(v) be the third derivative of -v**5/8 + v**4/12 + 29*v**3/6 + 90*v**2. Let w(l) be the first derivative of i(l). Calculate w(-2).
32
Let o(n) = -n**3 - 5*n**2 + 8*n + 6. Let t(a) be the second derivative of 2*a**3/3 + 7*a**2 - 108*a. Let f be t(-5). Calculate o(f).
-6
Let v(s) = 3*s**2 - 11*s + 10. Let u(f) = -f**2 - f. Let q(o) = -2*u(o) - v(o). Let h(x) = -2*x**3 - 15*x**2 - 12*x - 24. Let a be h(-7). Determine q(a).
12
Let k(f) = -3*f - 24. Suppose -157*c + 159*c - 22 = 0. What is k(c)?
-57
Suppose 12 + 58 = 5*i + 5*u, -4*u = i - 26. Let r(m) = -m**3 + 14*m**2 - 38*m - 4. What is r(i)?
16
Let a(d) = 10 + 2 + 19 - 92*d**2 + 91*d**2 - 8*d - 5*d. Give a(2).
1
Suppose 4*q + 2*y = 34, -2*q = 5*y - 12 - 9. Suppose j = 3*j - q, 0 = -4*d - 5*j + 192. Let h be (15/18)/5 - d/6. Let t(c) = c + 5. Calculate t(h).
-2
Let u = -951 - -928. Let r(d) = d**3 + 30*d**2 + 163*d + 32. Let i be r(u). Let y(z) = z**3 + 13*z**2 - 15*z - 6. Determine y(i).
8
Suppose 4*h - 5*n = 3, -9 + 13 = 4*n. Let k(v) = 4 - v - 372*v**3 + 373*v**3 - 14 + 11*v**h. What is k(-11)?
1
Let o(b) = -b**2 - 5*b - 2. Let q be o(-3). Let p(k) be the first derivative of k**4/2 - 5*k**3/3 - k**2/2 - k - 70832. Give p(q).
43
Let b(k) = -k**3 - 17*k**2 - 12. Suppose -154*s = -224*s - 1190. Give b(s).
-12
Let n be ((